{"id":159,"date":"2020-06-25T17:51:47","date_gmt":"2020-06-25T15:51:47","guid":{"rendered":"http:\/\/quartierdupotager-meudon.fr\/?page_id=159"},"modified":"2026-01-27T22:09:18","modified_gmt":"2026-01-27T21:09:18","slug":"lassociation","status":"publish","type":"page","link":"https:\/\/quartierdupotager-meudon.fr\/?page_id=159","title":{"rendered":"L&rsquo;association"},"content":{"rendered":"\n<ul><li><strong><a href=\"#Objet\">Objet de l&rsquo;association<\/a><\/strong><\/li><li><strong><a href=\"#Engagement\">Nos engagements<\/a><\/strong><\/li><li><strong><a href=\"#Valeurs\">Nos valeurs<\/a><\/strong><\/li><li><strong><a href=\"#Organisation\">Organisation et Fonctionnement<\/a><\/strong><\/li><li><strong><a href=\"#Composition\">Composition du CA et des groupes de travail<\/a><\/strong><\/li><li><strong><a href=\"#Statuts\">Statuts de l&rsquo;association<\/a><\/strong><\/li><li><strong><a href=\"#Charte\">Charte RGPD (R\u00e8glement G\u00e9n\u00e9ral sur la Protection des Donn\u00e9es)<\/a><\/strong><\/li><li><strong><a href=\"#Mentions\">Mentions l\u00e9gales<\/a><\/strong><\/li><\/ul>\n\n\n\n<p class=\"has-text-align-center\"><strong>__________________________<\/strong><\/p>\n\n\n\n<h4 class=\"has-text-align-center\" id=\"Objet\"><strong><em>Objet de l&rsquo;association<\/em><\/strong><\/h4>\n\n\n\n<p class=\"has-text-align-center\"><strong>__________________________<\/strong><\/p>\n\n\n\n<p>L\u2019Association des R\u00e9sidents du <a href=\"http:\/\/quartierdupotager-meudon.fr\/?page_id=141#Delimitation\">Quartier du Potager du Dauphin de Meudon<\/a> (ARQP) est une association Loi 1901 cr\u00e9\u00e9e en mars 2018 pour permettre aux riverains de participer aux d\u00e9cisions qui concernent au plus pr\u00e8s leur vie quotidienne et d\u2019y apporter des propositions.<br><strong>Son objet :  \u00ab mener toutes actions de nature \u00e0 contribuer \u00e0 l\u2019am\u00e9lioration de la qualit\u00e9 du quartier \u00bb <\/strong>et en particulier<br>\u2022 La pr\u00e9servation de son cadre pavillonnaire et paysager, de son patrimoine historique et architectural, de sa flore et de sa faune.<br>\u2022 La mise en valeur du quartier par des recherches historiques et l\u2019organisation de parcours d\u00e9couverte et de conf\u00e9rences.<br>\u2022 La s\u00e9curit\u00e9 des riverains : r\u00e9duire les risques de la circulation automobile, vols, vandalismes.<br>\u2022 L\u2019am\u00e9lioration de l\u2019environnement et l\u2019entretien des espaces publics.<br>\u2022 Le d\u00e9veloppement des bonnes relations de voisinage et la mise en relation des membres.<\/p>\n\n\n\n<p><\/p>\n\n\n\n<p class=\"has-text-align-center\"><strong>__________________________<\/strong><\/p>\n\n\n\n<h4 class=\"has-text-align-center\" id=\"Engagement\"><strong><em>Nos engagements<\/em><\/strong><\/h4>\n\n\n\n<p class=\"has-text-align-center\"><strong>__________________________<\/strong><\/p>\n\n\n\n<p class=\"has-text-align-center\"><strong>Comment accompagner l\u2019\u00e9volution de ce quartier ?<\/strong><\/p>\n\n\n\n<p><strong>1. Urbanisme :<\/strong><br>La loi a chang\u00e9 :<br>Les PLU ont remplac\u00e9 les POS et COS, favorisant ainsi la densification en permettant des constructions beaucoup plus importantes (immeubles collectifs ou tr\u00e8s grandes maisons), qui d\u00e9truisent l\u2019existant construit ou v\u00e9g\u00e9tal, notamment les coeurs d\u2019ilots.<br>Tous ces projets immobiliers ne peuvent que :<br>\u27a2 transformer profond\u00e9ment le caract\u00e8re du quartier,<br>\u27a2 favoriser une sp\u00e9culation immobili\u00e8re qui fait grimper les prix et, de ce fait, emp\u00eache les jeunes couples de venir s\u2019installer dans le quartier.<br><strong>Pour ma\u00eetriser l\u2019\u00e9volution et pr\u00e9server ce patrimoine et ce cadre de vie, le meilleur moyen pour agir est d\u2019intervenir au niveau du PLU en proposant d\u2019y adapter les crit\u00e8res \u00e0 l\u2019identit\u00e9 de notre quartier (comme d\u2019autres villes de GPSO l\u2019ont fait avant nous).<\/strong><\/p>\n\n\n\n<p><strong>2. Circulation\/stationnement<\/strong><br>\u27a2 <strong>Les conditions de circulation ont chang\u00e9 :<\/strong><br>Trafic automobile de plus en plus important, et nouvelles applications qui permettent des itin\u00e9raires de d\u00e9lestage des grands axes (exemple : route des Gardes).<br>Ainsi notre quartier devient une zone de transit de plus en plus important.<br>\u27a2 <strong>Les conditions de stationnement ont chang\u00e9 :<\/strong><br>De plus en plus de voies ont \u00e9t\u00e9 install\u00e9es en stationnement payant autour de notre quartier et des applications mises en ligne pour trouver des rues \u00e0 stationnement gratuit.<br>Cela entra\u00eene une transformation de nos rues en zones de stationnements \u00ab ventouse \u00bb.<br><strong>Pour ma\u00eetriser cette d\u00e9rive de la circulation et le stationnement dans notre quartier, des modifications importantes de la voirie doivent \u00eatre mises en oeuvre, en y int\u00e9grant le r\u00f4le de plus en plus significatif du v\u00e9lo et la s\u00e9curit\u00e9 des pi\u00e9tons, avec une vision d\u2019ensemble.<\/strong><\/p>\n\n\n\n<p><strong>3. S\u00e9curit\u00e9<\/strong><br>Nous sommes pr\u00e9occup\u00e9s par l\u2019\u00e9volution des probl\u00e8mes de s\u00e9curit\u00e9 dans le quartier : tentatives d\u2019effractions, vols, d\u00e9gradations de v\u00e9hicules.<br><strong>Pour ma\u00eetriser toute d\u00e9rive, une vigilance et des moyens adapt\u00e9s doivent \u00eatre mis en oeuvre par les autorit\u00e9s comp\u00e9tentes, avec un r\u00e9examen de l\u2019efficacit\u00e9 de l\u2019application \u00ab Voisins vigilants et solidaires \u00bb.<\/strong><\/p>\n\n\n\n<p class=\"has-text-align-center\"><strong>__________________________<\/strong><\/p>\n\n\n\n<h4 class=\"has-text-align-center\" id=\"Valeurs\"><strong><em>Nos valeurs<\/em><\/strong><\/h4>\n\n\n\n<p class=\"has-text-align-center\"><strong>__________________________<\/strong><\/p>\n\n\n\n<p>Le quartier du Potager du Dauphin est particuli\u00e8rement agr\u00e9able pour tous les meudonnais.<br>Face aux changements in\u00e9luctables, les riverains sont les plus \u00e0 m\u00eame pour apporter leur exp\u00e9rience du v\u00e9cu journalier, exprimer leurs besoins, <strong>faire des propositions constructives<\/strong>, pour s\u2019y adapter au mieux et \u00eatre partie prenante des d\u00e9cisions.<br>Notre d\u00e9marche n\u2019est ni politique ni partisane.<\/p>\n\n\n\n<p><strong>1. Nos valeurs en mati\u00e8re d&rsquo;urbanisme :<\/strong><br>\u27a2 Une \u00e9volution ma\u00eetris\u00e9e, qui respecte l\u2019identit\u00e9 et le patrimoine de notre quartier.<br>\u27a2 Des d\u00e9cisions et\/ou des r\u00e8glements \u00e9quitables qui \u00e9vitent la sp\u00e9culation immobili\u00e8re, en ne permettant pas \u00e0 des riverains de valoriser leur bien, tout en d\u00e9valorisant celui de leurs voisins et d\u00e9gradant le cadre de vie commun.<\/p>\n\n\n\n<p><strong>2. Nos valeurs en mati\u00e8re de circulation\/stationnement<\/strong><br>\u27a2 <strong>Une adaptation de la place de la voiture<\/strong> dans le quartier afin de garder nos voies de desserte, int\u00e9grer le v\u00e9lo et \u00e9viter les stationnements \u00ab ventouse \u00bb.<\/p>\n\n\n\n<p><strong>3. Nos valeurs en mati\u00e8re de s\u00e9curit\u00e9<\/strong><br>\u27a2 Limiter les probl\u00e8mes r\u00e9currents de <strong>s\u00e9curit\u00e9, et \u00e9viter toute d\u00e9rive dans le quartier, <\/strong>par une vigilance accrue et des moyens suppl\u00e9mentaires municipaux.<\/p>\n\n\n\n<p class=\"has-text-align-center\">\u2756<\/p>\n\n\n\n<p class=\"has-text-align-left\"><strong>En conclusion <\/strong>nous souhaitons faire d\u00e9couvrir l\u2019int\u00e9r\u00eat et les attraits de ce lieu \u00e0 tous les visiteurs.<\/p>\n\n\n\n<p class=\"has-text-align-center\"><strong>__________________________<\/strong><\/p>\n\n\n\n<h4 class=\"has-text-align-center\" id=\"Organisation\"><strong><em>Organisation et Fonctionnement<\/em><\/strong><\/h4>\n\n\n\n<p class=\"has-text-align-center\"><strong>__________________________<\/strong><\/p>\n\n\n\n<p>L&rsquo;association comprend un<strong> Conseil d&rsquo;Administration<\/strong> et un <strong>Bureau<\/strong>. Les diff\u00e9rents sujets sont suivis par des <strong>groupes de travail<\/strong> d\u00e9di\u00e9s au nombre de 6 actuellement :<\/p>\n\n\n\n<ul><li>Le groupe \u00ab\u00a0Circulation\/Stationnement\u00a0\u00bb<\/li><li>Le groupe \u00ab\u00a0Urbanisme\u00a0\u00bb<\/li><li>Le groupe \u00ab\u00a0Patrimoine\u00a0\u00bb<\/li><li>Le groupe \u00ab\u00a0Potager du Dauphin\u00a0\u00bb<\/li><li>Le groupe \u00ab\u00a0Communication\u00a0\u00bb<\/li><li>Le groupe \u00ab\u00a0S\u00e9curit\u00e9\u00a0\u00bb<\/li><\/ul>\n\n\n\n<p>Tous les membres sont convoqu\u00e9s \u00e0 une assembl\u00e9e g\u00e9n\u00e9rale annuelle et si besoin \u00e0 des r\u00e9unions d&rsquo;information. Par ailleurs, l&rsquo;association envoie par email des notes d&rsquo;informations et d&rsquo;\u00e9changes aux membres qui le souhaitent.<\/p>\n\n\n\n<p class=\"has-text-align-center\"><strong>__________________________<\/strong><\/p>\n\n\n\n<h4 class=\"has-text-align-center\" id=\"Composition\"><strong><em>Composition du CA et des groupes de travail<\/em><\/strong><\/h4>\n\n\n\n<p class=\"has-text-align-center\"><strong>__________________________<\/strong><\/p>\n\n\n\n<p>Le <strong>Conseil d&rsquo;Administration<\/strong> est compos\u00e9 des membres suivants :<\/p>\n\n\n\n<ul><li>Christian Delavelle<\/li><li>Dimitri Floros <\/li><li>Jo\u00ebl Hamelin<\/li><li>Denys Millet<\/li><li>Victoria Pradels<\/li><li>Chantal Quillery<\/li><li>Alice Schneider<\/li><li>Bertrand Vannier<\/li><li>Jean Verdon<\/li><li>S\u00e9bastien Sureau<\/li><\/ul>\n\n\n\n<p>Le <strong>Bureau<\/strong> est compos\u00e9 des membres suivants :<\/p>\n\n\n\n<ul><li>Pr\u00e9sident : Denys Millet<\/li><li>Vice-Pr\u00e9sidents : Bertrand Vannier et S\u00e9bastien Sureau<\/li><li>Secr\u00e9taire G\u00e9n\u00e9ral : Jean Verdon<\/li><li>Tr\u00e9sori\u00e8re : Chantal Quillery<\/li><li>Conseiller : Dimitri Floros<\/li><\/ul>\n\n\n\n<p><\/p>\n\n\n\n<p>Le<strong> Groupe \u00ab\u00a0Urbanisme\u00a0\u00bb <\/strong>est compos\u00e9 des membres suivants :<\/p>\n\n\n\n<ul><li>Michel Jantzen<\/li><li>Victoria Pradels<\/li><li>S\u00e9bastien Sureau<\/li><li>Denys Millet (Pilote)<\/li><\/ul>\n\n\n\n<p>Le <strong>Groupe \u00ab\u00a0Circulation\/Stationnement\u00a0\u00bb <\/strong>est compos\u00e9 des membres suivants :<\/p>\n\n\n\n<ul><li>Christian Delavelle<\/li><li>Jo\u00ebl Hamelin<\/li><li>Denys Millet<\/li><li>Jean Verdon <em>(Pilote)<\/em><\/li><li>Bertrand Vannier<\/li><\/ul>\n\n\n\n<p>Le <strong>Groupe \u00ab\u00a0Patrimoine\u00a0\u00bb <\/strong>est compos\u00e9 des membres suivants :<\/p>\n\n\n\n<ul><li>Denys Millet <em>(Pilote)<\/em><\/li><li>Michel Jantzen<\/li><li>Chantal Quillery<\/li><li>S\u00e9bastien Tardif<\/li><\/ul>\n\n\n\n<p>Le <strong>Groupe \u00ab\u00a0Parcours th\u00e9matiques\u00a0\u00bb <\/strong>est compos\u00e9 des membres suivants :<\/p>\n\n\n\n<ul><li>Alice Schneider<em>(Pilote)<\/em><\/li><li>S\u00e9bastien Tardif<\/li><li>Et les r\u00e9dacteurs des Focus de chaque parcours<\/li><\/ul>\n\n\n\n<p>Le <strong>Groupe \u00ab\u00a0Communication\u00a0\u00bb <\/strong>est compos\u00e9 des membres suivants :<\/p>\n\n\n\n<ul><li>Caroline Durand<\/li><li>Jo\u00ebl Hamelin<\/li><li>Brigitte Monat<\/li><li>Alice Schneider<\/li><li>S\u00e9bastien Tardif<\/li><li>Bertrand Vannier<\/li><\/ul>\n\n\n\n<p>Le <strong>Groupe \u00ab\u00a0S\u00e9curit\u00e9\u00a0\u00bb <\/strong>est compos\u00e9 des membres suivants :<\/p>\n\n\n\n<ul><li>Caroline Durand<\/li><li>Jean Verdon<\/li><li>S\u00e9bastien Tardif<\/li><\/ul>\n\n\n\n<p><\/p>\n\n\n\n<p class=\"has-text-align-center\"><strong>__________________________<\/strong><\/p>\n\n\n\n<h4 class=\"has-text-align-center\" id=\"Statuts\"><strong><em>Statuts de l&rsquo;association<\/em><\/strong><\/h4>\n\n\n\n<p class=\"has-text-align-center\"><strong>__________________________<\/strong><\/p>\n\n\n\n<p>Les statuts de l&rsquo;association peuvent \u00eatre t\u00e9l\u00e9charg\u00e9s en cliquant <a href=\"https:\/\/quartierdupotager-meudon.fr\/wp-content\/uploads\/2025\/02\/ARQPMODIFSTATUTS18012025.pdf\" target=\"_blank\" rel=\"noreferrer noopener\">ici<\/a>.<\/p>\n\n\n\n<p><\/p>\n\n\n\n<p class=\"has-text-align-center\"><strong>__________________________<\/strong><\/p>\n\n\n\n<h4 class=\"has-text-align-center\" id=\"Charte\"><strong><em>Charte RGPD<\/em><\/strong><\/h4>\n\n\n\n<p class=\"has-text-align-center\"><strong>__________________________<\/strong><\/p>\n\n\n\n<p>Notre politique&nbsp;<strong>RGPD<\/strong>&nbsp;(R\u00e8glement G\u00e9n\u00e9ral sur la Protection des Donn\u00e9es) est disponible&nbsp;<a rel=\"noreferrer noopener\" href=\"http:\/\/quartierdupotager-meudon.fr\/wp-content\/uploads\/2020\/06\/CHARTE-rgdp-rev-3.pdf\" target=\"_blank\">ici<\/a>.<\/p>\n\n\n\n<p class=\"has-text-align-center\"><strong>__________________________<\/strong><\/p>\n\n\n\n<h4 class=\"has-text-align-center\" id=\"Mentions\"><strong><em>Mentions l\u00e9gales<\/em><\/strong><\/h4>\n\n\n\n<p class=\"has-text-align-center\"><strong>__________________________<\/strong><\/p>\n\n\n\n<p>Les mentions l\u00e9gales sont disponibles<strong>\u00a0<a href=\"https:\/\/quartierdupotager-meudon.fr\/wp-content\/uploads\/2026\/01\/Mentions-Legales.pdf\" target=\"_blank\" rel=\"noreferrer noopener\">ici<\/a><\/strong>.<\/p>\n\n\n\n<p><\/p>\n","protected":false},"excerpt":{"rendered":"<p>Objet de l&rsquo;association Nos engagements Nos valeurs Organisation et Fonctionnement Composition du CA et des groupes de travail Statuts de l&rsquo;association Charte RGPD (R\u00e8glement G\u00e9n\u00e9ral&hellip;<\/p>\n","protected":false},"author":1,"featured_media":272,"parent":0,"menu_order":0,"comment_status":"closed","ping_status":"closed","template":"","meta":[],"_links":{"self":[{"href":"https:\/\/quartierdupotager-meudon.fr\/index.php?rest_route=\/wp\/v2\/pages\/159"}],"collection":[{"href":"https:\/\/quartierdupotager-meudon.fr\/index.php?rest_route=\/wp\/v2\/pages"}],"about":[{"href":"https:\/\/quartierdupotager-meudon.fr\/index.php?rest_route=\/wp\/v2\/types\/page"}],"author":[{"embeddable":true,"href":"https:\/\/quartierdupotager-meudon.fr\/index.php?rest_route=\/wp\/v2\/users\/1"}],"replies":[{"embeddable":true,"href":"https:\/\/quartierdupotager-meudon.fr\/index.php?rest_route=%2Fwp%2Fv2%2Fcomments&post=159"}],"version-history":[{"count":56,"href":"https:\/\/quartierdupotager-meudon.fr\/index.php?rest_route=\/wp\/v2\/pages\/159\/revisions"}],"predecessor-version":[{"id":1053,"href":"https:\/\/quartierdupotager-meudon.fr\/index.php?rest_route=\/wp\/v2\/pages\/159\/revisions\/1053"}],"wp:featuredmedia":[{"embeddable":true,"href":"https:\/\/quartierdupotager-meudon.fr\/index.php?rest_route=\/wp\/v2\/media\/272"}],"wp:attachment":[{"href":"https:\/\/quartierdupotager-meudon.fr\/index.php?rest_route=%2Fwp%2Fv2%2Fmedia&parent=159"}],"curies":[{"name":"wp","href":"https:\/\/api.w.org\/{rel}","templated":true}]}}